 a + 16 - 2. Let m = 30 - p. Suppose f + 0*f = m. What is the units digit of f?
3
Suppose c + 4*c - 235 = 0. Let o = c - 26. What is the units digit of (-6)/o + 37/7?
5
Let d = 542 - 324. What is the hundreds digit of d?
2
Suppose -11 = -q - 3. Let i(m) = -2*m + 10. Let u be i(q). Let h = 23 + u. What is the tens digit of h?
1
Suppose j = 3*o + 5*j - 577, -3*j = 5*o - 947. What is the tens digit of o?
8
Suppose 44*n = 40*n + 616. What is the units digit of n?
4
Suppose 5*m + 10 = -20. Let y = m - -10. What is the units digit of y?
4
Let w = -66 + 117. What is the units digit of w?
1
Suppose -2*u + 10 = 0, 4*u = 5*n - u - 50. Let r = n + -10. Let l = r + -2. What is the units digit of l?
3
Suppose 0*h - f = -2*h + 6, 4*h = 4*f + 4. Let x be 157/3 - 4/12. Suppose x + 33 = h*d. What is the units digit of d?
7
Let g(a) = -2*a**3 - 4*a**2 - a + 6. What is the units digit of g(-4)?
4
Suppose 4*q = l + 94, -58 = -2*q + l - 6*l. Suppose -x = 3*x - 2*p + q, 5*x + 4*p + 56 = 0. Let s = x - -17. What is the units digit of s?
9
Let h = -1 - -10. Let z be 1/(-3) - (-21)/h. Suppose 2*y - 4 = -z*y. What is the units digit of y?
1
Let b be (-2)/1*(-5)/(-2). Let a(s) = -7*s - 7. Let q(j) = 20*j + 20. Let i(y) = -14*a(y) - 5*q(y). What is the units digit of i(b)?
8
Suppose 0 = 5*x - 3*x - 10. Suppose 5*z = h - 49, -h = 3*h - x*z - 136. What is the tens digit of h?
2
Let j(w) = 11*w**2 + 11*w + 20. What is the units digit of j(-4)?
2
Let f = -308 - -624. What is the hundreds digit of f?
3
Let n = -4 + 7. Let c be (-1)/n + (-10)/15. Let k(g) = -2*g + 1. What is the units digit of k(c)?
3
Let u(f) = f**2 + 8*f + 33. What is the hundreds digit of u(13)?
3
Suppose -b = 4*t + 3 - 43, 0 = -5*b. What is the tens digit of t?
1
Let a be 6/10 + 7/5. Suppose x = y + 5*x - 22, -9 = -a*y - x. Suppose -2*c + 28 = y*c. What is the units digit of c?
7
Let t(i) = i - 3. Let u(m) = -3*m + 10. Let a(x) = -21*t(x) - 6*u(x). What is the tens digit of a(-3)?
1
Suppose -4*k + 3*k = -258. What is the units digit of k?
8
Let z = 26 + -8. What is the units digit of z?
8
Suppose 2*r + 2*r = -2*c + 158, -5*r + 205 = 5*c. What is the tens digit of r?
3
Suppose -3*n = -0*v - 2*v - 400, -5*n + v = -662. What is the tens digit of n?
3
Let z(p) = -p**3 + 13*p**2 + 16*p + 6. What is the hundreds digit of z(13)?
2
Let o = 4 + -4. Suppose o = -5*i + 2 + 13. Suppose -a + 3*t = i*a - 16, 0 = 4*a + t. What is the units digit of a?
1
Suppose -d + 3 = o, 0 = -3*o + 6*d - d - 31. Let t = o - -5. Suppose -3*n - 5*g = -4, t*g = 4*n + 8*g - 12. What is the units digit of n?
8
What is the tens digit of (54/(-36))/(193/196 + -1)?
9
Suppose 2*r - 20 = -4*n, 5*r - 5 = -3*n + 3. What is the units digit of n?
6
Let i(k) = 7*k**2 - k + 1. Let h be i(1). Let m(l) = -1. Let n(x) = x**3 - 8*x**2 + 7*x + 1. Let r(w) = -2*m(w) + n(w). What is the units digit of r(h)?
3
Let g = -2 - -10. Let i be ((-26)/(-6))/(2/6). Let q = i - g. What is the units digit of q?
5
Suppose -3*s + 7 = -2*s. What is the units digit of s?
7
Let n(z) = -3 + 2*z + 4*z - 5*z + 3*z**2 + z**2 - z**3. Suppose x - 2*x + 12 = 3*y, y = -5*x + 4. What is the units digit of n(y)?
1
Let d(x) = x - 1. Let l be d(5). Suppose -q + i + 51 = 2*q, -4*q + l*i + 60 = 0. What is the units digit of q?
8
Suppose -4*u + 172 = v + 3*v, -5*u + 3*v = -231. What is the tens digit of u?
4
Suppose 3*f - 20 = -2*f. Let p = f + -10. What is the units digit of p/(1 - (1 - -1))?
6
What is the tens digit of ((-96)/80)/((-6)/380)?
7
Let y = -6 + 8. Let j = y - 0. Suppose 3*q + 4 = -j*n, 7*q + 24 = n + 2*q. What is the units digit of n?
4
Let k = 5 + -2. Suppose 0*r + r = 4*l - 2, 3*l - k*r = 6. Suppose 4*v - 6*v + 16 = l. What is the units digit of v?
8
Let s(j) = 42*j. Let g be s(2). Suppose -2*l + 0*l + g = 0. What is the units digit of l?
2
What is the tens digit of (-7)/(-14) - 213/(-6)?
3
Suppose 0 = 2*k - 4*k - 6, 14 = 2*h - 2*k. Suppose 0 = -5*a - 4*q - h, 4*q + 3 = -1. What is the units digit of (a - 3)*2/(-6)?
1
Let m be ((-30)/(-4))/((-6)/(-24)). Suppose 0*c - 5*c + m = 0. What is the units digit of c?
6
Suppose -32 - 38 = -l + 3*o, -4*l + 3*o + 271 = 0. What is the tens digit of l?
6
Let r(x) = -x - 9. Let w be r(-11). Suppose 0 = w*v - 0 + 4, 2*v - 48 = -4*o. What is the units digit of o?
3
Suppose 2*d - m - 2 = 0, 1 + 7 = 4*m. What is the units digit of d?
2
Let k be 87/27 - 6/27. Let y be 0 + (1 - 2/2). Suppose 4*a = -2*s - 12, 2*s - a - k*a - 20 = y. What is the units digit of s?
2
Let n(q) = -q**2 + 4*q + 3. Let p be n(5). Let h(m) be the second derivative of -m**5/20 - m**4/6 - m**3/3 - 3*m**2/2 - m. What is the units digit of h(p)?
1
Let g(r) = -3 + r - 2 - 6 + 2*r. What is the units digit of g(8)?
3
Let z = -30 - -130. What is the hundreds digit of z?
1
Let i = -327 + 561. What is the units digit of i?
4
Suppose -3*c + 20 = -16. Suppose 0 = 2*i - c + 2. Suppose 0*j = i*j - 20. What is the units digit of j?
4
Suppose 13*y - 165 = 8*y. Let l(w) = -w + 5. Let d be l(3). Suppose 0 = -z - d*z + y. What is the tens digit of z?
1
Let o = 2 + -9. Suppose -5*c + 6 = -2*c. Let n = c - o. What is the units digit of n?
9
Let i(f) = -3*f**3 + 3*f**2 - 3*f + 3. Let l be i(2). What is the units digit of (4 + -3)*-1*l?
5
Let g(d) = d**2 + 2*d. What is the units digit of g(-6)?
4
Let j(z) be the third derivative of -z**4/24 - z**3/2 - 5*z**2. What is the units digit of j(-8)?
5
Suppose -15 = -3*p - 2*p. Let h(b) = b + 2. Let k(y) = -y. Let g(i) = -h(i) - 4*k(i). What is the units digit of g(p)?
7
Suppose n - 41 + 16 = 0. What is the units digit of n?
5
Let x = -68 - -146. What is the tens digit of x?
7
Suppose -542 - 543 = -5*k - 5*g, 5*k - 1076 = -2*g. What is the tens digit of k?
1
Suppose 0 = -p + 4*w + 11, -5*p + 0 = 5*w - 5. Suppose -2*g + 5 = p*g. What is the units digit of g?
1
What is the tens digit of (0 + 2/(-4))/((-8)/1616)?
0
Suppose -2*r + 217 = -117. What is the units digit of r?
7
Suppose -5*t + 5 = -5*v, -1 = -3*t + v + 8. Let r be t/14 + 33/7. Suppose 0 = 5*m - r*o - 50, 3*o - 40 = -4*m + 2*o. What is the units digit of m?
0
Suppose 3*r - 2*r - 29 = 0. What is the tens digit of r?
2
Suppose 14 = 5*f - 46. What is the units digit of f?
2
Let x = -5 - -5. Suppose x = -2*d + u + 10, -d - u + 2 = -0*d. What is the units digit of d?
4
Let g = -3 + 6. Suppose -7 = -h - g. What is the units digit of h?
4
Let l = 26 + -11. Let k = -14 + l. What is the units digit of k?
1
Let x = -54 + 124. What is the units digit of x?
0
Let w be 82/4 + 4/8. What is the units digit of (-6)/w + 130/14?
9
Suppose 8*r - 3*r = 345. What is the units digit of r?
9
Suppose -2*u + 20 = 2*u. Suppose -3*x - 4*w = -3*w - 50, 5*w = -u. What is the tens digit of x?
1
What is the units digit of 33 + (-16)/((-12)/(-3))?
9
Let v = 59 - 5. What is the tens digit of v?
5
Let s(m) = 2*m**3 - m**2 - 2*m + 2. Let i be s(2). Let p(f) = 14*f**2 + 0*f**2 - f**3 + 3*f + 9*f - 9 - 5*f**2. What is the tens digit of p(i)?
1
Suppose 313 + 107 = 6*h. What is the units digit of h?
0
Suppose -b + 5*c = -0*b - 33, -4*b + 98 = -3*c. What is the units digit of b?
3
Let n = 4 + -4. Suppose 4*x + n*x - 72 = 0. What is the tens digit of x?
1
Let x(q) = q**3 - q**2 - 2*q - 1. Let p be x(2). Let m(j) = -2*j - 7. Let s be m(-5). What is the units digit of (0 + p)*(1 - s)?
2
What is the units digit of (-86 + -2)*(-3)/2?
2
Let q be (12/15)/(4/10). Let n be 1 + (q*4)/2. Suppose 0 = 2*i + 1 - n. What is the units digit of i?
2
Let x be (60/14)/(1/14). Suppose 5*f - 16 = o, -4*o + 1 = -2*f - 7. Suppose 0 = 5*m + 3*i - 2*i - x, 3*m = f*i + 59. What is the tens digit of m?
1
Let c = 8 + -5. Suppose 2*q - q = c. What is the units digit of q?
3
Let a(r) = -r**2 + 14*r - 10. What is the tens digit of a(10)?
3
Let s(b) = -3*b**2 + 3*b**2 + b + 1 + 2*b**2. What is the units digit of s(2)?
1
Let z(d) = d + 2. Let k be z(-4). What is the units digit of 74/8 - k/(-8)?
9
Let w(z) = -z + 5. Let l be w(3). Suppose l*k - 40 = -3*k. What is the units digit of k?
8
Suppose -6*j + j = 3*p + 133, -3*j = 3*p + 135. What is the tens digit of -1*4 - (p + 7)?
3
Let k be (-276)/(-14) - 18/(-63). Suppose 0 = 7*a - 2*a - k. What is the units digit of a?
4
Suppose -q + 1 = -3. Suppose -v + q + 26 = -2*a, 141 = 4*v - a. Suppose 6*s - v = 2*s. What 